{"id":124,"date":"2019-06-26T15:36:03","date_gmt":"2019-06-26T15:36:03","guid":{"rendered":"https:\/\/tiritomba.net\/virginia-royal\/?page_id=124"},"modified":"2020-08-18T15:38:46","modified_gmt":"2020-08-18T15:38:46","slug":"esittely","status":"publish","type":"page","link":"https:\/\/tiritomba.net\/virginia-royal\/esittely\/","title":{"rendered":"Esittely"},"content":{"rendered":"<div id=\"pl-124\"  class=\"panel-layout\" ><div id=\"pg-124-0\"  class=\"panel-grid panel-has-style\" ><div class=\"no-margin-top panel-row-style panel-row-style-for-124-0\" ><div id=\"pgc-124-0-0\"  class=\"panel-grid-cell\" ><div id=\"panel-124-0-0-0\" class=\"so-panel widget widget_sow-editor panel-first-child panel-last-child\" data-index=\"0\" ><div class=\"so-widget-sow-editor so-widget-sow-editor-base\">\n<div class=\"siteorigin-widget-tinymce textwidget\">\n\t<p><i>Virginia Royal sijaitsee Iso-Britanniassa nummien keskell\u00e4 rauhallisella alueella. Ymp\u00e4rist\u00f6 on kuin suoraan 1700-luvulta kartanoineen ja koskemattomine luontoineen. Talli kantaa mukanaan mielenkiintoista historiaa, legendaa, jonka mukaan talli on saanut nimens\u00e4.<\/i><\/p>\n<h3>Historia<\/h3>\n<p>Kaikki alkoi Englannissa vuonna 1742, kun suurelle maa-alueelle rakennettiin herraskartano. Sen omisti rikas mies Harold ja h\u00e4nen vaimonsa Virginia. Pariskunta ehti asua kartanossa vain muutamia vuosia, kun Harold kuoli \u00e4killiseen sairaskohtaukseen. Virginia j\u00e4i yksin pit\u00e4m\u00e4\u00e4n kartanoa ja ymp\u00e4rist\u00f6\u00e4 yll\u00e4.<\/p>\n<p>Kun Virginia oli p\u00e4\u00e4ssyt yli miehens\u00e4 kuolemasta, sai h\u00e4n k\u00e4\u00e4nnytt\u00e4\u00e4 monia kosijoita oveltaan pois. Yksi mies, Alfred, kuitenkin sulatti naisen syd\u00e4men. He viettiv\u00e4t aikaa yhdess\u00e4 kulkien kartanon kauniissa puutarhassa ja lopulta rakastuivat ja meniv\u00e4t naimisiin. Alfred oli kuitenkin kaikkea muuta, mit\u00e4 h\u00e4n oli vaimolleen sanonut, ja er\u00e4\u00e4n traagisen y\u00f6n vaihduttua aamuksi Virginian ruumis l\u00f6ytyi paloiteltuna vuoteeltaan.<\/p>\n<p>Alfred sai pit\u00e4\u00e4 kartanon, jota oli alusta asti himoinnut, mutta tekojensa seurauksena h\u00e4n alkoi hiljalleen menett\u00e4\u00e4 j\u00e4rkens\u00e4. Ensimm\u00e4isen vuoden aikana Alfredin kerrotaan her\u00e4illeen keskell\u00e4 y\u00f6t\u00e4 huutaen ja sanoen, kuinka Virginia istui h\u00e4nen s\u00e4nkyns\u00e4 vieress\u00e4 veitsen kanssa. Monia pelont\u00e4ytteisi\u00e4 \u00f6it\u00e4 my\u00f6hemmin Alfred alkoi kuulla talon vintilt\u00e4 Virginian avunhuutoja ja kiljahduksia. Alfred ei en\u00e4\u00e4 kest\u00e4nyt, joten h\u00e4nen t\u00e4ytyi l\u00e4hte\u00e4 kartanosta pois. Huhujen mukaan \u00e4\u00e4net ja unet eiv\u00e4t en\u00e4\u00e4 vaivanneet miest\u00e4, kun h\u00e4n oli j\u00e4tt\u00e4nyt kartanon taakseen.<\/p>\n<p>Yleisesti kummitustarinoihin ei uskottu, mutta talo oli silti vuosia tyhjill\u00e4\u00e4n. Se rapistui ja heikkeni, ja talon arvo laski huomattavasti. Lopulta er\u00e4s arkkitehtuurista kiinnostunut nuorimies osti talon pilkkahintaan ja kunnosti sen aivan entisen n\u00e4k\u00f6iseksi. Siit\u00e4 l\u00e4hti kierre, ja rakennus ja ymp\u00e4rist\u00f6 ovat siit\u00e4 asti kuuluneet vuorollaan milloin millekin lastenkodille ja suuremmille j\u00e4rjest\u00f6ille.<\/p>\n<p>Vuoden 2013 loppupuolella kartano myytiin j\u00e4lleen alueineen kaikkineen. Rakennukseen tehtiin suuria muutoksia: kaksi ylint\u00e4 kerrosta muuttuivat asunnoiksi ja huoneistoiksi. Alin maakerros kuitenkin koki suurimman muutoksen: huoneiden kantamattomat sein\u00e4t purettiin ja tilalle rakennettiin rivi suurikokoisia karsinoita, varustehuoneita, pesutiloja ja ruokavarastoja. Vanhasta herraskartanosta oli tullut talli eliittihevosille.<\/p>\n<h3>Tallirakennus<\/h3>\n<p>Vanha kartanorakennus on kolmikerroksinen, ja kaksi ylint\u00e4 kerrosta sis\u00e4lt\u00e4v\u00e4t huoneistoja sek\u00e4 henkil\u00f6kunnan tiloja. Itse talli sijaitsee kartanorakennuksen maakerroksessa. Talli on jaettu kahteen puoleen; oreille ja tammoille molemmille omansa. Tallissa on yhteens\u00e4 noin 50 karsinapaikkaa, joista kaikki ovat vaihtelevasti k\u00e4yt\u00f6ss\u00e4.<\/p>\n<p>Tallista l\u00f6ytyy suuret karsinat, varustehuoneita, rehuvarastoja ja pesutiloja. Yleisesti tallin kunnosta voidaan sanoa, ett\u00e4 se on viimeist\u00e4 piirtoa my\u00f6ten rakennettu siisti tila, jossa kaikki on uutta ja puhdasta. Varusteet ovat siistiss\u00e4 riviss\u00e4 ja pesutupa on usein k\u00e4yt\u00f6ss\u00e4 hevosten lis\u00e4ksi my\u00f6s tavaroiden pesua varten.<\/p>\n<h3>Ymp\u00e4rist\u00f6<\/h3>\n<p>Virginia Royal kattaa laajan alueen keskelt\u00e4 nummia rauhalliselta seudulta, mutta silti l\u00e4hell\u00e4 asutusta. Tontti ylt\u00e4\u00e4 l\u00e4hes merenrantaan saakka, jossa sijaitsee korkea kallioinen niemenk\u00e4rki, josta alueen alkuper\u00e4inen nimi, Virginia Ness, sai nimens\u00e4. Vaikka talli sijaitsee l\u00e4hell\u00e4 merta, ei merituuli yll\u00e4 kovin voimakkaana tallialueelle. Alue on aidattu ja p\u00e4\u00e4sis\u00e4\u00e4nk\u00e4ynti\u00e4 koristaa suuri metallinen nimikoitu portti.<\/p>\n<p>Alueelta l\u00f6ytyy kaksi eri kentt\u00e4\u00e4, maneesi ja aidan takaa paljon mets\u00e4\u00e4, jossa on hyv\u00e4t maastoreitit. P\u00e4\u00e4painotus tallilla on kuitenkin aitojen sis\u00e4puolelle j\u00e4\u00e4v\u00e4 alue.<\/p>\n<p>Tallin vieress\u00e4 on lampi, johon on majoittunut milloin mit\u00e4kin lintuja, l\u00e4hinn\u00e4 ankkoja. Piha on hyv\u00e4ss\u00e4 kunnossa, ruoho kasvaa polkujen vierell\u00e4 ja sit\u00e4 hoidetaan jatkuvasti. Laitumia l\u00f6ytyy alueelta monia sijoiteltuna ymp\u00e4riins\u00e4. Lis\u00e4ksi tallilla on my\u00f6s oma kliniikka, jotta sairaat hevoset saisivat hoitoa mahdollisimman nopeasti.<\/p>\n<p>Virginia Royal on kaunis paikka ja siell\u00e4 oleva luonto viimeisen p\u00e4\u00e4lle hoidettua ja siisti\u00e4.<\/p>\n<h3>Henkil\u00f6kunta<\/h3>\n<h4><b>Omistaja<\/b> - Sharon<\/h4>\n<p>Sharon on tallin 30-vuotias omistaja. H\u00e4n on harrastanut hevosia pienest\u00e4 asti, ja ensikosketus omaan hevoseen oli 15-vuotiaana. Sharon on todella p\u00e4\u00e4tt\u00e4v\u00e4inen ja m\u00e4\u00e4r\u00e4tietoinen ihminen, mutta ei osaa nipottaa juuri mist\u00e4\u00e4n. H\u00e4n on kaikin puolin rento ja helposti l\u00e4hestytt\u00e4v\u00e4, eik\u00e4 odota muilta liikoja - pit\u00e4\u00e4 vain omia tavoitteitaan korkealla. Sharonilla on ruskeat pitk\u00e4t hiukset ja vihre\u00e4t silm\u00e4t, ja yleens\u00e4 naisen tyyli on todella huoliteltu ja siisti. Sharonilla on kolmekymppinen miesyst\u00e4v\u00e4, ja pariskunta on seurustellut jo nelj\u00e4 vuotta. Viel\u00e4 ei kuitenkaan ole h\u00e4it\u00e4 vietetty, mutta ehk\u00e4 senkin aika koittaa! <\/p>\n<h4><b>Valmentajat<\/b> - Helen ja Marlene<\/h4>\n<p><b>Helen<\/b> on valmentajista se tiukkapipoisempi, joka tahtoo kaiken sujuvan juuri niin kuin pit\u00e4\u00e4. Ik\u00e4\u00e4 naiselta l\u00f6ytyy 38 vuotta, ja hevoskokemusta on l\u00e4hes koko el\u00e4m\u00e4ns\u00e4 ajalta. Helen on valmennuksen aikana melko huumorintajuton, mutta muuten tallilla kuulee naisen usein nauravan. H\u00e4n odottaa ihmisilt\u00e4 v\u00e4h\u00e4n liikoja, mutta jokainen tiet\u00e4\u00e4, ettei h\u00e4n ilke\u00e4 ole mill\u00e4\u00e4n tapaa. Ainoastaan vain kehittymishaluinen.<br \/>\nVastapainoksi Helenen kanssa valmentajana toimii <b>Marlene<\/b>, joka on vasta 28-vuotias mutta todella osaava hevosten kanssa. Marlene on huumorintajuinen ja hauska nainen, joka viihtyy tallilla muutenkin valmennusten ulkopuolella. H\u00e4n on oikeastaan kaikkien kaveri, ja kaikki tuntuvat tulevan h\u00e4nen kanssaan hyvin toimeen. <\/p>\n<h4><b>Tallityt\u00f6t<\/b> - Mary, Vivian, Adelaine, Dora, Brianna, Janette ja Monica<\/h4>\n<p><b>Mary<\/b> on 23-vuotias nuori nainen, joka on harrastanut hevosia yli kymmenen vuotta. Mary on tallin omistajan, Sharonin, oikea k\u00e4si l\u00e4hes kaikessa - naiset ovat tunteneet toisensa l\u00e4hes kymmenen vuotta, mutta ik\u00e4ero ei ole heit\u00e4 koskaan haitannut. Sharon luottaa Maryyn todella paljon, ja uskaltaa antaa t\u00e4lle suuriakin vastuuteht\u00e4vi\u00e4 tallihommissa.<br \/>\n<b>Vivian<\/b> on tallilla aina hevosia hoitanut, 25-vuotias nuori, joka on Maryn tavoin yksi luottohenkil\u00f6ist\u00e4. Vivian on my\u00f6s ollut hevosten kanssa tekemisiss\u00e4 aivan pienest\u00e4 l\u00e4htien, ja h\u00e4nell\u00e4 on kokemusta niin koulu- kuin estehevosten parissa ty\u00f6skentelemisest\u00e4. Vivi on ahkerasti mukana hevosten kouluttamisessa, ja istuukin usein satulassa valmennustunneilla.  <br \/>\n<b>Adelaine<\/b>, joka tunnetaan tallilla my\u00f6s nimell\u00e4 Addie, on 22-vuotias hevosharrastaja, joka toimii l\u00e4hinn\u00e4 hevosten hoitajana ja on suurena apuna kisap\u00e4ivin\u00e4. Addie ei itse pysty polvivammansa takia hyppim\u00e4\u00e4n esteit\u00e4, mutta h\u00e4n l\u00e4mmittelee usein hevosia kent\u00e4ll\u00e4 tai k\u00e4y hevosten kanssa rauhallisilla maastolenkeill\u00e4. <br \/>\nAddien pikkusisko <b>Inez<\/b> on 18-vuotias nuori nainen, joka on tullut tallille siskonsa mukana. Inez on hieman pikkuvanha nuori, jolle kuitenkin uskaltaa antaa pieni\u00e4 vastuuteht\u00e4vi\u00e4. Inez on ottanut esimerkiksi tallimaskotin Scoopien hoiviinsa, ja k\u00e4y hoitamassa t\u00e4t\u00e4 p\u00e4ivitt\u00e4in. Inez ei suoranaisesti v\u00e4lit\u00e4 isoista hevosista, mutta auttaa mieluusti mik\u00e4li apua tarvitsee.<br \/>\n<b>Dora<\/b> on Inezin hyv\u00e4 yst\u00e4v\u00e4, joka on tullut tallille Inezin kannustuksesta. Dora on viel\u00e4 melko aloittelija hevosten kanssa, mutta on todella kiinnostunut esteratsastuksesta ja seuraa mielell\u00e4\u00e4n valmennuksia ja harjoittelua sivusta. Dora on 18-vuotias, melko hiljainen tytt\u00f6, joka k\u00e4y satunnaisesti tallilla.<br \/>\n<b>Brianna<\/b> on 24-vuotias nainen, jolla on ollut omia hevosia l\u00e4hes kymmenen vuotta, mutta niiden menehdytty\u00e4 h\u00e4n on alkanut viett\u00e4\u00e4 aikaansa Virginia Royalissa. Brianna on my\u00f6s hyv\u00e4 laittaa satulaan valmennusten ajaksi, ja h\u00e4n oikeastaan p\u00e4rj\u00e4\u00e4 hevosen kuin hevosen kanssa. Naisella on paljon temperamenttia ja taito saada suuretkin orit hallintaansa.<br \/>\n<b>Janette<\/b> on tallilla usein n\u00e4kyv\u00e4 tytt\u00f6, joka viett\u00e4\u00e4 aikaansa hoitaen hevosia. Janette on suurena apuna kisareissuilla sek\u00e4 p\u00e4ivitt\u00e4isiss\u00e4 askareissa. Addien tavoin h\u00e4n k\u00e4y my\u00f6s ulkoiluttamassa hevosia silloin t\u00e4ll\u00f6in, mutta esteit\u00e4 h\u00e4n ei hypi. Janetella on ik\u00e4\u00e4 23-vuotta, ja h\u00e4net tunnistaa upeista pitkist\u00e4 ruskeista luonnonkiharoistaan. <br \/>\n<b>Monica<\/b> on tallin uusin tulokas. 22-vuotias tytt\u00f6 on vasta muuttanut seudulle, ja l\u00f6yt\u00e4ess\u00e4\u00e4n tallin h\u00e4n halusi tulla hoitamaan hevosia. Monica on viel\u00e4 hieman arka suurien hevosten kanssa, mutta helpompien hevosten kanssa h\u00e4n tulee todella hyvin toimeen. Monica hoitaa paljon tallimme nuoria hevosia, ja varsinkin vasta tulleet, koulutusta vailla olevat hevoset ovat Monican mieleen.<\/p>\n<h4><b>Muu henkil\u00f6kunta<\/b> - Frederick, Daniel, Galen, Nathan<\/h4>\n<p><b>Frederick<\/b> on tallin kengitt\u00e4j\u00e4, joka k\u00e4y s\u00e4\u00e4nn\u00f6llisesti kierroksillaan tallilla. Frederick on 58-vuotias, ja h\u00e4n on ollut nuoruudessaan tekemisiss\u00e4 l\u00e4hinn\u00e4 ravihevosten kanssa. Vaikeat hevoset ovat miehelle tuttu juttu, ja h\u00e4n p\u00e4rj\u00e4\u00e4kin hyvin Virginia Royalin hevosten kanssa. Fredi\u00e4 voi n\u00e4hd\u00e4 muutenkin tallilla, sill\u00e4 h\u00e4n asuu l\u00e4hist\u00f6ll\u00e4, ja h\u00e4t\u00e4tilanteen tullessa mies on l\u00e4hes aina saatavilla.<br \/>\nFredin poika <b>Daniel<\/b> on 25-vuotias miehen alku, joka on usein tallilla is\u00e4ns\u00e4 mukana hoitamassa hevosia. Daniel on todella kiinnostunut esteratsastuksesta ja haaveileekin viel\u00e4 saavansa my\u00f6hemmin oman hevosen.<br \/>\nMit\u00e4p\u00e4 talli olisi ilman komeita miehi\u00e4? Danielin lis\u00e4ksi tallilla py\u00f6riv\u00e4t my\u00f6s 25-vuotias <b>Galen<\/b> sek\u00e4 23-vuotias <b>Nathan<\/b>. Miehet ovat tulleet my\u00f6s tallille avuksi, ja ovat hy\u00f6dyksi monessakin asiassa. Useimmin miehet n\u00e4hd\u00e4\u00e4nkin kartanon yl\u00e4kerrassa juomassa kahvia, mutta tekev\u00e4t kyll\u00e4 pyydett\u00e4ess\u00e4 asioita. Galen ja Nathan ovat suuren kokonsa puolesta hyvi\u00e4 ihmisi\u00e4 toimimaan suurien ja vaikeiden orien kanssa.<\/p>\n<h3>Muut el\u00e4imet<\/h3>\n<p>Hevosten lis\u00e4ksi tallilla juoksentelee my\u00f6s kolme tallikoiraa: englanninkettukoirauros Waldo sek\u00e4 kaksi naaraskoiraa, beagle Mandy ja englanninspringerspanieli Lady.<\/p>\n<\/div>\n<\/div><\/div><\/div><\/div><\/div><\/div>","protected":false},"excerpt":{"rendered":"<p>Virginia Royal sijaitsee Iso-Britanniassa nummien keskell\u00e4 rauhallisella alueella. Ymp\u00e4rist\u00f6 on kuin suoraan 1700-luvulta kartanoineen ja koskemattomine luontoineen. Talli kantaa mukanaan mielenkiintoista historiaa, legendaa, jonka mukaan talli on saanut nimens\u00e4. Historia Kaikki alkoi Englannissa vuonna 1742, kun suurelle maa-alueelle rakennettiin herraskartano. Sen omisti rikas mies Harold ja h\u00e4nen vaimonsa Virginia. Pariskunta ehti asua kartanossa vain muutamia [&hellip;]<\/p>\n","protected":false},"author":1,"featured_media":0,"parent":0,"menu_order":0,"comment_status":"closed","ping_status":"closed","template":"","meta":[],"_links":{"self":[{"href":"https:\/\/tiritomba.net\/virginia-royal\/wp-json\/wp\/v2\/pages\/124"}],"collection":[{"href":"https:\/\/tiritomba.net\/virginia-royal\/wp-json\/wp\/v2\/pages"}],"about":[{"href":"https:\/\/tiritomba.net\/virginia-royal\/wp-json\/wp\/v2\/types\/page"}],"author":[{"embeddable":true,"href":"https:\/\/tiritomba.net\/virginia-royal\/wp-json\/wp\/v2\/users\/1"}],"replies":[{"embeddable":true,"href":"https:\/\/tiritomba.net\/virginia-royal\/wp-json\/wp\/v2\/comments?post=124"}],"version-history":[{"count":14,"href":"https:\/\/tiritomba.net\/virginia-royal\/wp-json\/wp\/v2\/pages\/124\/revisions"}],"predecessor-version":[{"id":752,"href":"https:\/\/tiritomba.net\/virginia-royal\/wp-json\/wp\/v2\/pages\/124\/revisions\/752"}],"wp:attachment":[{"href":"https:\/\/tiritomba.net\/virginia-royal\/wp-json\/wp\/v2\/media?parent=124"}],"curies":[{"name":"wp","href":"https:\/\/api.w.org\/{rel}","templated":true}]}}