{"id":11,"date":"2019-06-25T17:12:03","date_gmt":"2019-06-25T17:12:03","guid":{"rendered":"https:\/\/tiritomba.net\/villa-castor\/?page_id=11"},"modified":"2021-02-13T11:00:10","modified_gmt":"2021-02-13T11:00:10","slug":"etusivu","status":"publish","type":"page","link":"https:\/\/tiritomba.net\/villa-castor\/","title":{"rendered":"Etusivu"},"content":{"rendered":"<div id=\"pl-11\"  class=\"panel-layout\" ><div id=\"pg-11-0\"  class=\"panel-grid panel-no-style\" ><div id=\"pgc-11-0-0\"  class=\"panel-grid-cell\" ><div id=\"panel-11-0-0-0\" class=\"so-panel widget widget_sow-editor panel-first-child panel-last-child\" data-index=\"0\" ><div\n\t\t\t\n\t\t\tclass=\"so-widget-sow-editor so-widget-sow-editor-base\"\n\t\t\t\n\t\t>\n<div class=\"siteorigin-widget-tinymce textwidget\">\n\t<h2 class=\"keskitetty\">Tervetuloa Villa Castoriin<\/h2>\n<p class=\"nosto\">Villa Castor on suomalaisten puoliveriorien tyyssija. Suurikokoinen siittola sijaitsee Rovaniemell\u00e4, jossa hevosten kanssa valmentaudutaan, kisataan ja vietet\u00e4\u00e4n monipuolista arkea.<\/p>\n<\/div>\n<\/div><\/div><\/div><\/div><div id=\"pg-11-1\"  class=\"panel-grid panel-has-style\" ><div class=\"ympyrarivi siteorigin-panels-stretch panel-row-style panel-row-style-for-11-1\" data-stretch-type=\"full\" ><div id=\"pgc-11-1-0\"  class=\"panel-grid-cell\" ><div id=\"panel-11-1-0-0\" class=\"so-panel widget widget_sow-image panel-first-child\" data-index=\"1\" ><div class=\"etusivu-ympyra panel-widget-style panel-widget-style-for-11-1-0-0\" ><div\n\t\t\t\n\t\t\tclass=\"so-widget-sow-image so-widget-sow-image-default-8b5b6f678277-11\"\n\t\t\t\n\t\t>\n<div class=\"sow-image-container\">\n\t\t\t<a href=\"https:\/\/tiritomba.net\/villa-castor\/esittely\/\"\n\t\t\t\t\t>\n\t\t\t<img loading=\"lazy\" decoding=\"async\" src=\"https:\/\/tiritomba.net\/villa-castor\/wp-content\/uploads\/koriste_1.jpg\" width=\"647\" height=\"293\" srcset=\"https:\/\/tiritomba.net\/villa-castor\/wp-content\/uploads\/koriste_1.jpg 647w, https:\/\/tiritomba.net\/villa-castor\/wp-content\/uploads\/koriste_1-300x136.jpg 300w\" sizes=\"auto, (max-width: 647px) 100vw, 647px\" alt=\"\" \t\tclass=\"so-widget-image\"\/>\n\t<\/a><\/div>\n\n<\/div><\/div><\/div><div id=\"panel-11-1-0-1\" class=\"so-panel widget widget_sow-editor panel-last-child\" data-index=\"2\" ><div\n\t\t\t\n\t\t\tclass=\"so-widget-sow-editor so-widget-sow-editor-base\"\n\t\t\t\n\t\t>\n<div class=\"siteorigin-widget-tinymce textwidget\">\n\t<h3>Esittely<\/h3>\n<p>Villa Castor on vuonna 2021 peru&shy;stettu siittola, joka sijait&shy;see Rovaniemell\u00e4.<\/p>\n<p><a href=\"https:\/\/tiritomba.net\/villa-castor\/esittely\/\" class=\"button\">Lue lis\u00e4\u00e4<\/a><\/p>\n<\/div>\n<\/div><\/div><\/div><div id=\"pgc-11-1-1\"  class=\"panel-grid-cell\" ><div id=\"panel-11-1-1-0\" class=\"so-panel widget widget_sow-image panel-first-child\" data-index=\"3\" ><div class=\"etusivu-ympyra panel-widget-style panel-widget-style-for-11-1-1-0\" ><div\n\t\t\t\n\t\t\tclass=\"so-widget-sow-image so-widget-sow-image-default-8b5b6f678277-11\"\n\t\t\t\n\t\t>\n<div class=\"sow-image-container\">\n\t\t\t<a href=\"https:\/\/tiritomba.net\/villa-castor\/orit\/\"\n\t\t\t\t\t>\n\t\t\t<img loading=\"lazy\" decoding=\"async\" src=\"https:\/\/tiritomba.net\/villa-castor\/wp-content\/uploads\/koriste_3.jpg\" width=\"647\" height=\"293\" srcset=\"https:\/\/tiritomba.net\/villa-castor\/wp-content\/uploads\/koriste_3.jpg 647w, https:\/\/tiritomba.net\/villa-castor\/wp-content\/uploads\/koriste_3-300x136.jpg 300w\" sizes=\"auto, (max-width: 647px) 100vw, 647px\" alt=\"\" \t\tclass=\"so-widget-image\"\/>\n\t<\/a><\/div>\n\n<\/div><\/div><\/div><div id=\"panel-11-1-1-1\" class=\"so-panel widget widget_sow-editor panel-last-child\" data-index=\"4\" ><div\n\t\t\t\n\t\t\tclass=\"so-widget-sow-editor so-widget-sow-editor-base\"\n\t\t\t\n\t\t>\n<div class=\"siteorigin-widget-tinymce textwidget\">\n\t<h3>Orit<\/h3>\n<p>Villa Castorin orit ovat suomalaiseen puoliverijalostukseen soveltuvia hevosia.<\/p>\n<p><a href=\"https:\/\/tiritomba.net\/villa-castor\/orit\/\" class=\"button\">Lue lis\u00e4\u00e4<\/a><\/p>\n<\/div>\n<\/div><\/div><\/div><div id=\"pgc-11-1-2\"  class=\"panel-grid-cell\" ><div id=\"panel-11-1-2-0\" class=\"so-panel widget widget_sow-image panel-first-child\" data-index=\"5\" ><div class=\"etusivu-ympyra panel-widget-style panel-widget-style-for-11-1-2-0\" ><div\n\t\t\t\n\t\t\tclass=\"so-widget-sow-image so-widget-sow-image-default-8b5b6f678277-11\"\n\t\t\t\n\t\t>\n<div class=\"sow-image-container\">\n\t\t\t<a href=\"https:\/\/tiritomba.net\/villa-castor\/toiminta\/\"\n\t\t\t\t\t>\n\t\t\t<img loading=\"lazy\" decoding=\"async\" src=\"https:\/\/tiritomba.net\/villa-castor\/wp-content\/uploads\/koriste_4.jpg\" width=\"647\" height=\"293\" srcset=\"https:\/\/tiritomba.net\/villa-castor\/wp-content\/uploads\/koriste_4.jpg 647w, https:\/\/tiritomba.net\/villa-castor\/wp-content\/uploads\/koriste_4-300x136.jpg 300w\" sizes=\"auto, (max-width: 647px) 100vw, 647px\" alt=\"\" \t\tclass=\"so-widget-image\"\/>\n\t<\/a><\/div>\n\n<\/div><\/div><\/div><div id=\"panel-11-1-2-1\" class=\"so-panel widget widget_sow-editor panel-last-child\" data-index=\"6\" ><div\n\t\t\t\n\t\t\tclass=\"so-widget-sow-editor so-widget-sow-editor-base\"\n\t\t\t\n\t\t>\n<div class=\"siteorigin-widget-tinymce textwidget\">\n\t<h3>Toiminta<\/h3>\n<p>Tallilla j\u00e4rjestet\u00e4\u00e4n satunnaisesti kisoja, n\u00e4yttelyit\u00e4 sek\u00e4 muita tapahtumia.<\/p>\n<p><a href=\"https:\/\/tiritomba.net\/villa-castor\/toiminta\/\" class=\"button\">Lue lis\u00e4\u00e4<\/a><\/p>\n<\/div>\n<\/div><\/div><\/div><\/div><\/div><div id=\"pg-11-2\"  class=\"panel-grid panel-has-style\" ><div class=\"taustavari siteorigin-panels-stretch panel-row-style panel-row-style-for-11-2\" data-stretch-type=\"full\" ><div id=\"pgc-11-2-0\"  class=\"panel-grid-cell\" ><div id=\"panel-11-2-0-0\" class=\"so-panel widget widget_sow-editor panel-first-child panel-last-child\" data-index=\"7\" ><div\n\t\t\t\n\t\t\tclass=\"so-widget-sow-editor so-widget-sow-editor-base\"\n\t\t\t\n\t\t>\n<div class=\"siteorigin-widget-tinymce textwidget\">\n\t<h2>Terveisin<\/h2>\n<p>Hevoset olivat aina olleet suuressa roolissa el\u00e4m\u00e4\u00e4ni. Lapsena k\u00e4vin kyl\u00e4n ratsastuskoulussa ja my\u00f6hemmin p\u00e4\u00e4sin ty\u00f6skentelem\u00e4\u00e4n Pohjois-Suomeen suurelle siittolalle. Orien kanssa toimiminen vei minut aivan mukanaan, ja heti, kun el\u00e4m\u00e4ntilanne sen salli, aloitin oman yritystoimintani monipuolisten suomalaisten puoliveristen parissa.<\/p>\n<p class=\"keskitetty margin-top-30\">\n<span class=\"nimimerkki\">Pauliina Sajasalo<\/span><br \/>\n<span class=\"pieni\">Siguri, VRL-11290<\/span><\/p>\n<\/div>\n<\/div><\/div><\/div><\/div><\/div><\/div>","protected":false},"excerpt":{"rendered":"<p>Tervetuloa Villa Castoriin Villa Castor on suomalaisten puoliveriorien tyyssija. Suurikokoinen siittola sijaitsee Rovaniemell\u00e4, jossa hevosten kanssa valmentaudutaan, kisataan ja vietet\u00e4\u00e4n monipuolista arkea. Esittely Villa Castor on vuonna 2021 peru&shy;stettu siittola, joka sijait&shy;see Rovaniemell\u00e4. Lue lis\u00e4\u00e4 Orit Villa Castorin orit ovat suomalaiseen puoliverijalostukseen soveltuvia hevosia. Lue lis\u00e4\u00e4 Toiminta Tallilla j\u00e4rjestet\u00e4\u00e4n satunnaisesti kisoja, n\u00e4yttelyit\u00e4 sek\u00e4 muita tapahtumia. [&hellip;]<\/p>\n","protected":false},"author":1,"featured_media":0,"parent":0,"menu_order":0,"comment_status":"closed","ping_status":"closed","template":"","meta":{"footnotes":""},"class_list":["post-11","page","type-page","status-publish","hentry"],"_links":{"self":[{"href":"https:\/\/tiritomba.net\/villa-castor\/wp-json\/wp\/v2\/pages\/11","targetHints":{"allow":["GET"]}}],"collection":[{"href":"https:\/\/tiritomba.net\/villa-castor\/wp-json\/wp\/v2\/pages"}],"about":[{"href":"https:\/\/tiritomba.net\/villa-castor\/wp-json\/wp\/v2\/types\/page"}],"author":[{"embeddable":true,"href":"https:\/\/tiritomba.net\/villa-castor\/wp-json\/wp\/v2\/users\/1"}],"replies":[{"embeddable":true,"href":"https:\/\/tiritomba.net\/villa-castor\/wp-json\/wp\/v2\/comments?post=11"}],"version-history":[{"count":108,"href":"https:\/\/tiritomba.net\/villa-castor\/wp-json\/wp\/v2\/pages\/11\/revisions"}],"predecessor-version":[{"id":745,"href":"https:\/\/tiritomba.net\/villa-castor\/wp-json\/wp\/v2\/pages\/11\/revisions\/745"}],"wp:attachment":[{"href":"https:\/\/tiritomba.net\/villa-castor\/wp-json\/wp\/v2\/media?parent=11"}],"curies":[{"name":"wp","href":"https:\/\/api.w.org\/{rel}","templated":true}]}}